{"id":917,"date":"2022-09-21T23:17:05","date_gmt":"2022-09-21T23:17:05","guid":{"rendered":"http:\/\/localhost\/ifpelac\/?page_id=917"},"modified":"2025-08-28T14:18:29","modified_gmt":"2025-08-28T14:18:29","slug":"ifpelac","status":"publish","type":"page","link":"https:\/\/ifpelac.gov.mz\/index.php\/ifpelac\/","title":{"rendered":"IFPELAC"},"content":{"rendered":"\t\t<div data-elementor-type=\"wp-page\" data-elementor-id=\"917\" class=\"elementor elementor-917\">\n\t\t\t\t\t\t<section class=\"elementor-section elementor-top-section elementor-element elementor-element-8198b4d elementor-section-stretched elementor-section-boxed elementor-section-height-default elementor-section-height-default wpr-particle-no wpr-jarallax-no wpr-parallax-no wpr-sticky-section-no\" data-id=\"8198b4d\" data-element_type=\"section\" data-settings=\"{&quot;stretch_section&quot;:&quot;section-stretched&quot;}\">\n\t\t\t\t\t\t<div class=\"elementor-container elementor-column-gap-default\">\n\t\t\t\t\t<div class=\"elementor-column elementor-col-100 elementor-top-column elementor-element elementor-element-6995920\" data-id=\"6995920\" data-element_type=\"column\">\n\t\t\t<div class=\"elementor-widget-wrap elementor-element-populated\">\n\t\t\t\t\t\t<div class=\"elementor-element elementor-element-86c4e32 elementor-widget elementor-widget-html\" data-id=\"86c4e32\" data-element_type=\"widget\" data-widget_type=\"html.default\">\n\t\t\t\t<div class=\"elementor-widget-container\">\n\t\t\t\t\t<!-- Cards Institucionais - HTML para Elementor -->\r\n<link rel=\"stylesheet\" href=\"https:\/\/cdnjs.cloudflare.com\/ajax\/libs\/font-awesome\/6.4.0\/css\/all.min.css\"\/>\r\n\r\n<style>\r\n    \/* Container geral *\/\r\n    .instituto-container {\r\n        font-family: Arial, sans-serif;\r\n        color: #333;\r\n        max-width: 1200px;\r\n        margin: auto;\r\n        padding: 40px 20px;\r\n    }\r\n\r\n    .instituto-container h2 {\r\n        text-align: center;\r\n        margin-bottom: 30px;\r\n        color: #2c7a7b;\r\n        font-size: 2rem;\r\n    }\r\n\r\n    .cards {\r\n        display: flex;\r\n        flex-wrap: wrap;\r\n        gap: 30px;\r\n        justify-content: center;\r\n    }\r\n\r\n    .card {\r\n        background-color: #fff;\r\n        padding: 25px 20px;\r\n        border-radius: 20px;\r\n        box-shadow: 0 8px 20px rgba(0,0,0,0.1);\r\n        flex: 1 1 280px;\r\n        max-width: 300px;\r\n        text-align: center;\r\n        color: #fff;\r\n        opacity: 0;\r\n        transform: translateY(30px);\r\n        transition: all 0.6s ease-out;\r\n        position: relative;\r\n    }\r\n\r\n    .card.visible {\r\n        opacity: 1;\r\n        transform: translateY(0);\r\n    }\r\n\r\n    .card i {\r\n        font-size: 3rem;\r\n        margin-bottom: 15px;\r\n        display: block;\r\n    }\r\n\r\n    .card h3 {\r\n        margin-bottom: 15px;\r\n        font-size: 1.3rem;\r\n    }\r\n\r\n    .card p, .card ul {\r\n        font-size: 1rem;\r\n        line-height: 1.6;\r\n        text-align: left;\r\n    }\r\n\r\n    .card ul {\r\n        padding-left: 20px;\r\n    }\r\n\r\n    \/* Cores dos cards *\/\r\n    .natureza { background: linear-gradient(135deg, #16a085, #1abc9c);}\r\n    .missao { background: linear-gradient(135deg, #f39c12, #f1c40f);}\r\n    .visao { background: linear-gradient(135deg, #3498db, #5dade2);}\r\n    .valores { background: linear-gradient(135deg, #9b59b6, #af7ac5);}\r\n    .atribuicao-a { background: linear-gradient(135deg, #e74c3c, #ff6b6b);}\r\n    .atribuicao-b { background: linear-gradient(135deg, #2ecc71, #58d68d);}\r\n    .atribuicao-c { background: linear-gradient(135deg, #e67e22, #f39c12);}\r\n    .atribuicao-d { background: linear-gradient(135deg, #2980b9, #3498db);}\r\n    .atribuicao-e { background: linear-gradient(135deg, #8e44ad, #9b59b6);}\r\n    .atribuicao-f { background: linear-gradient(135deg, #1abc9c, #16a085);}\r\n    .atribuicao-g { background: linear-gradient(135deg, #d35400, #e67e22);}\r\n    .atribuicao-h { background: linear-gradient(135deg, #27ae60, #2ecc71);}\r\n    .atribuicao-i { background: linear-gradient(135deg, #2980b9, #3498db);}\r\n    .atribuicao-j { background: linear-gradient(135deg, #8e44ad, #9b59b6);}\r\n    .atribuicao-k { background: linear-gradient(135deg, #c0392b, #e74c3c);}\r\n    .atribuicao-l { background: linear-gradient(135deg, #f39c12, #f1c40f);}\r\n\r\n    @media (max-width: 768px) {\r\n        .cards { flex-direction: column; align-items: center; }\r\n    }\r\n<\/style>\r\n\r\n<div class=\"instituto-container\">\r\n    <h2>Natureza<\/h2>\r\n    <div class=\"cards\">\r\n        <div class=\"card natureza\">\r\n            <i class=\"fas fa-leaf\"><\/i>\r\n            <h3>Natureza da Institui\u00e7\u00e3o<\/h3>\r\n            <p>O Instituto de Forma\u00e7\u00e3o Profissional e Estudos Laborais\r\nAlberto Cassimo, abreviadamente designado por IFPELAC \u00e9\r\numa institui\u00e7\u00e3o p\u00fablica de forma\u00e7\u00e3o profissional, dotada de\r\npersonalidade jur\u00eddica e goza de autonomia cient\u00edfica, pedag\u00f3gica\r\ne administrativa.<\/p>\r\n        <\/div>\r\n    <\/div>\r\n\r\n    <h2>Miss\u00e3o, Vis\u00e3o e Valores<\/h2>\r\n    <div class=\"cards\">\r\n        <div class=\"card missao\">\r\n            <i class=\"fas fa-bullseye\"><\/i>\r\n            <h3>Miss\u00e3o<\/h3>\r\n            <p>Formar oper\u00e1rios e t\u00e9cnicos em alinhamento com as demandas do setor produtivo, competitivos, comprometidos e com valores profissionais elevados.<\/p>\r\n        <\/div>\r\n        <div class=\"card visao\">\r\n            <i class=\"fas fa-eye\"><\/i>\r\n            <h3>Vis\u00e3o<\/h3>\r\n            <p>Ser refer\u00eancia nacional em forma\u00e7\u00e3o t\u00e9cnica e profissional, reconhecida pela qualidade, inova\u00e7\u00e3o e contribui\u00e7\u00e3o para o desenvolvimento socioecon\u00f4mico.<\/p>\r\n        <\/div>\r\n        <div class=\"card valores\">\r\n            <i class=\"fas fa-heart\"><\/i>\r\n            <h3>Valores<\/h3>\r\n            <ul>\r\n                <li>Excel\u00eancia no ensino<\/li>\r\n                <li>\u00c9tica e transpar\u00eancia<\/li>\r\n                <li>Inova\u00e7\u00e3o e criatividade<\/li>\r\n                <li>Inclus\u00e3o e diversidade<\/li>\r\n                <li>Compromisso com a comunidade<\/li>\r\n            <\/ul>\r\n        <\/div>\r\n    <\/div>\r\n\r\n    <h2>Atribui\u00e7\u00f5es<\/h2>\r\n    <div class=\"cards\">\r\n        <div class=\"card atribuicao-a\">\r\n            <i class=\"fas fa-graduation-cap\"><\/i>\r\n            <h3>a) Qualifica\u00e7\u00e3o Profissional<\/h3>\r\n            <p>Prover qualifica\u00e7\u00e3o profissional inicial, cont\u00ednua e aperfei\u00e7oamento da m\u00e3o-de-obra.<\/p>\r\n        <\/div>\r\n        <div class=\"card atribuicao-b\">\r\n            <i class=\"fas fa-briefcase\"><\/i>\r\n            <h3>b) Forma\u00e7\u00e3o para o Mercado<\/h3>\r\n            <p>Prover forma\u00e7\u00e3o profissional no \u00e2mbito do Quadro Nacional de Qualifica\u00e7\u00f5es para o mercado do trabalho.<\/p>\r\n        <\/div>\r\n        <div class=\"card atribuicao-c\">\r\n            <i class=\"fas fa-chalkboard-teacher\"><\/i>\r\n            <h3>c) Capacita\u00e7\u00e3o e Reciclagem<\/h3>\r\n            <p>Realizar forma\u00e7\u00e3o, capacita\u00e7\u00e3o e reciclagem de funcion\u00e1rios em administra\u00e7\u00e3o do trabalho.<\/p>\r\n        <\/div>\r\n        <div class=\"card atribuicao-d\">\r\n            <i class=\"fas fa-handshake\"><\/i>\r\n            <h3>d) Capacita\u00e7\u00e3o com Organiza\u00e7\u00f5es<\/h3>\r\n            <p>Em articula\u00e7\u00e3o com organiza\u00e7\u00f5es socioprofissionais, capacitar trabalhadores do setor privado.<\/p>\r\n        <\/div>\r\n        <div class=\"card atribuicao-e\">\r\n            <i class=\"fas fa-cogs\"><\/i>\r\n            <h3>e) Produ\u00e7\u00e3o e Servi\u00e7os<\/h3>\r\n            <p>Desenvolver ac\u00e7\u00f5es de produ\u00e7\u00e3o de bens e servi\u00e7os em benef\u00edcio da comunidade.<\/p>\r\n        <\/div>\r\n        <div class=\"card atribuicao-f\">\r\n            <i class=\"fas fa-user-tie\"><\/i>\r\n            <h3>f) Forma\u00e7\u00e3o Psicopedag\u00f3gica<\/h3>\r\n            <p>Prover a forma\u00e7\u00e3o psicopedag\u00f3gica dos formadores.<\/p>\r\n        <\/div>\r\n        <div class=\"card atribuicao-g\">\r\n            <i class=\"fas fa-gavel\"><\/i>\r\n            <h3>g) Regulamenta\u00e7\u00e3o<\/h3>\r\n            <p>Participar na regulamenta\u00e7\u00e3o do sistema de forma\u00e7\u00e3o, propondo medidas legislativas e regulamentos.<\/p>\r\n        <\/div>\r\n        <div class=\"card atribuicao-h\">\r\n            <i class=\"fas fa-check-circle\"><\/i>\r\n            <h3>h) Valida\u00e7\u00e3o de Compet\u00eancias<\/h3>\r\n            <p>Prover a valida\u00e7\u00e3o de compet\u00eancias adquiridas com exerc\u00edcio de forma\u00e7\u00e3o profissional.<\/p>\r\n        <\/div>\r\n        <div class=\"card atribuicao-i\">\r\n            <i class=\"fas fa-book\"><\/i>\r\n            <h3>i) Pesquisa e Divulga\u00e7\u00e3o<\/h3>\r\n            <p>Prover investiga\u00e7\u00e3o, debate e divulga\u00e7\u00e3o de estudos em administra\u00e7\u00e3o do trabalho.<\/p>\r\n        <\/div>\r\n        <div class=\"card atribuicao-j\">\r\n            <i class=\"fas fa-network-wired\"><\/i>\r\n            <h3>j) Coopera\u00e7\u00e3o T\u00e9cnica<\/h3>\r\n            <p>Desenvolver ac\u00e7\u00f5es de coopera\u00e7\u00e3o t\u00e9cnica e parcerias nacionais e internacionais.<\/p>\r\n        <\/div>\r\n        <div class=\"card atribuicao-k\">\r\n            <i class=\"fas fa-hand-holding-usd\"><\/i>\r\n            <h3>k) Capacita\u00e7\u00e3o em Fundos<\/h3>\r\n            <p>Participar na capacita\u00e7\u00e3o profissional em fundos para promo\u00e7\u00e3o do emprego e auto-emprego.<\/p>\r\n        <\/div>\r\n        <div class=\"card atribuicao-l\">\r\n            <i class=\"fas fa-gem\"><\/i>\r\n            <h3>l) Outras Actividades<\/h3>\r\n            <p>Exercer outras actividades por determina\u00e7\u00e3o legal.<\/p>\r\n        <\/div>\r\n    <\/div>\r\n<\/div>\r\n\r\n<script>\r\n    \/\/ Anima\u00e7\u00e3o: cards aparecem ao rolar\r\n    const cards = document.querySelectorAll('.instituto-container .card');\r\n    const observer = new IntersectionObserver(entries => {\r\n        entries.forEach(entry => {\r\n            if(entry.isIntersecting){\r\n                entry.target.classList.add('visible');\r\n            }\r\n        });\r\n    }, {threshold: 0.1});\r\n    cards.forEach(card => observer.observe(card));\r\n<\/script>\r\n\t\t\t\t<\/div>\n\t\t\t\t<\/div>\n\t\t\t\t\t<\/div>\n\t\t<\/div>\n\t\t\t\t\t<\/div>\n\t\t<\/section>\n\t\t\t\t<\/div>\n\t\t","protected":false},"excerpt":{"rendered":"<p>Natureza Natureza da Institui\u00e7\u00e3o O Instituto de Forma\u00e7\u00e3o Profissional e Estudos Laborais Alberto Cassimo, abreviadamente designado por IFPELAC \u00e9 uma institui\u00e7\u00e3o p\u00fablica de forma\u00e7\u00e3o profissional, dotada de personalidade jur\u00eddica e goza de autonomia cient\u00edfica, pedag\u00f3gica e administrativa. Miss\u00e3o, Vis\u00e3o e Valores Miss\u00e3o Formar oper\u00e1rios e t\u00e9cnicos em alinhamento com as demandas do setor produtivo, competitivos, comprometidos e com valores profissionais elevados. Vis\u00e3o Ser refer\u00eancia nacional em forma\u00e7\u00e3o t\u00e9cnica e profissional, reconhecida pela qualidade, inova\u00e7\u00e3o e contribui\u00e7\u00e3o para o desenvolvimento socioecon\u00f4mico. Valores Excel\u00eancia no ensino \u00c9tica e transpar\u00eancia Inova\u00e7\u00e3o e criatividade Inclus\u00e3o e diversidade Compromisso com a comunidade Atribui\u00e7\u00f5es a) Qualifica\u00e7\u00e3o Profissional Prover qualifica\u00e7\u00e3o profissional inicial, cont\u00ednua e aperfei\u00e7oamento da m\u00e3o-de-obra. b) Forma\u00e7\u00e3o para o Mercado Prover forma\u00e7\u00e3o profissional no \u00e2mbito do Quadro Nacional de Qualifica\u00e7\u00f5es para o mercado do trabalho. c) Capacita\u00e7\u00e3o e Reciclagem Realizar forma\u00e7\u00e3o, capacita\u00e7\u00e3o e reciclagem de funcion\u00e1rios em administra\u00e7\u00e3o do trabalho. d) Capacita\u00e7\u00e3o com Organiza\u00e7\u00f5es Em articula\u00e7\u00e3o com organiza\u00e7\u00f5es socioprofissionais, capacitar trabalhadores do setor privado. e) Produ\u00e7\u00e3o e Servi\u00e7os Desenvolver ac\u00e7\u00f5es de produ\u00e7\u00e3o de bens e servi\u00e7os em benef\u00edcio da comunidade. f) Forma\u00e7\u00e3o Psicopedag\u00f3gica Prover a forma\u00e7\u00e3o psicopedag\u00f3gica dos formadores. g) Regulamenta\u00e7\u00e3o Participar na regulamenta\u00e7\u00e3o do sistema de forma\u00e7\u00e3o, propondo medidas legislativas e regulamentos. h) Valida\u00e7\u00e3o de Compet\u00eancias Prover a valida\u00e7\u00e3o de compet\u00eancias adquiridas com exerc\u00edcio de forma\u00e7\u00e3o profissional. i) Pesquisa e Divulga\u00e7\u00e3o Prover investiga\u00e7\u00e3o, debate e divulga\u00e7\u00e3o de estudos em administra\u00e7\u00e3o do trabalho. j) Coopera\u00e7\u00e3o T\u00e9cnica Desenvolver ac\u00e7\u00f5es de coopera\u00e7\u00e3o t\u00e9cnica e parcerias nacionais e internacionais. k) Capacita\u00e7\u00e3o em Fundos Participar na capacita\u00e7\u00e3o profissional em fundos para promo\u00e7\u00e3o do emprego e auto-emprego. l) Outras Actividades Exercer outras actividades por determina\u00e7\u00e3o legal.<\/p>\n","protected":false},"author":1,"featured_media":0,"parent":0,"menu_order":0,"comment_status":"closed","ping_status":"closed","template":"","meta":{"_mc_calendar":[],"footnotes":""},"class_list":["post-917","page","type-page","status-publish","hentry"],"_links":{"self":[{"href":"https:\/\/ifpelac.gov.mz\/index.php\/wp-json\/wp\/v2\/pages\/917","targetHints":{"allow":["GET"]}}],"collection":[{"href":"https:\/\/ifpelac.gov.mz\/index.php\/wp-json\/wp\/v2\/pages"}],"about":[{"href":"https:\/\/ifpelac.gov.mz\/index.php\/wp-json\/wp\/v2\/types\/page"}],"author":[{"embeddable":true,"href":"https:\/\/ifpelac.gov.mz\/index.php\/wp-json\/wp\/v2\/users\/1"}],"replies":[{"embeddable":true,"href":"https:\/\/ifpelac.gov.mz\/index.php\/wp-json\/wp\/v2\/comments?post=917"}],"version-history":[{"count":41,"href":"https:\/\/ifpelac.gov.mz\/index.php\/wp-json\/wp\/v2\/pages\/917\/revisions"}],"predecessor-version":[{"id":1760,"href":"https:\/\/ifpelac.gov.mz\/index.php\/wp-json\/wp\/v2\/pages\/917\/revisions\/1760"}],"wp:attachment":[{"href":"https:\/\/ifpelac.gov.mz\/index.php\/wp-json\/wp\/v2\/media?parent=917"}],"curies":[{"name":"wp","href":"https:\/\/api.w.org\/{rel}","templated":true}]}}